{"id":293,"date":"2022-01-02T09:39:24","date_gmt":"2022-01-02T09:39:24","guid":{"rendered":"https:\/\/santamonica.archimadrid.es\/?page_id=293"},"modified":"2024-07-04T22:42:42","modified_gmt":"2024-07-04T22:42:42","slug":"horarios","status":"publish","type":"page","link":"https:\/\/santamonica.archimadrid.es\/index.php\/horarios\/","title":{"rendered":"Horario"},"content":{"rendered":"<p>[et_pb_section fb_built=\u00bb1&#8243; admin_label=\u00bbsection\u00bb _builder_version=\u00bb4.16&#8243; global_colors_info=\u00bb{}\u00bb][et_pb_row admin_label=\u00bbrow\u00bb _builder_version=\u00bb4.16&#8243; background_size=\u00bbinitial\u00bb background_position=\u00bbtop_left\u00bb background_repeat=\u00bbrepeat\u00bb global_colors_info=\u00bb{}\u00bb][et_pb_column type=\u00bb4_4&#8243; _builder_version=\u00bb4.16&#8243; custom_padding=\u00bb|||\u00bb global_colors_info=\u00bb{}\u00bb custom_padding__hover=\u00bb|||\u00bb][et_pb_text admin_label=\u00bbText\u00bb _builder_version=\u00bb4.18.0&#8243; background_size=\u00bbinitial\u00bb background_position=\u00bbtop_left\u00bb background_repeat=\u00bbrepeat\u00bb global_colors_info=\u00bb{}\u00bb]<\/p>\n<h2>\u00a0 <img loading=\"lazy\" decoding=\"async\" class=\" wp-image-503 aligncenter\" src=\"https:\/\/santamonica.archimadrid.es\/wp-content\/uploads\/2022\/01\/priest-3621038_960_720-300x168.jpg\" alt=\"\" width=\"486\" height=\"273\" srcset=\"https:\/\/santamonica.archimadrid.es\/wp-content\/uploads\/2022\/01\/priest-3621038_960_720-300x168.jpg 300w, https:\/\/santamonica.archimadrid.es\/wp-content\/uploads\/2022\/01\/priest-3621038_960_720-768x431.jpg 768w, https:\/\/santamonica.archimadrid.es\/wp-content\/uploads\/2022\/01\/priest-3621038_960_720.jpg 960w\" sizes=\"(max-width: 486px) 100vw, 486px\" \/><\/h2>\n<h2 style=\"text-align: center;\"><\/h2>\n<h2 style=\"text-align: center;\"><\/h2>\n<h2 style=\"text-align: center;\">MISAS<\/h2>\n<p style=\"text-align: center;\"><strong>Lunes a s\u00e1bado: 9:00, 12.00<span style=\"color: #000080;\">*<\/span> y 20.00\u00a0<\/strong><\/p>\n<p style=\"text-align: center;\"><strong>Domingos y festivos: 10.30, 12.30 y 20.00\u00a0<\/strong><\/p>\n<p>&nbsp;<\/p>\n<p style=\"text-align: center;\"><strong><span style=\"color: #000080;\">* Rezo de la <a href=\"https:\/\/santamonica.archimadrid.es\/index.php\/2022\/01\/04\/oracion-de-las-madres-cristianas-por-la-fe-de-los-hijos\/\">Oraci\u00f3n de la madre por la fe de los hijos<\/a> y \u00c1ngelus, cinco minutos antes de la misa de 12.<\/span><\/strong><\/p>\n<p style=\"text-align: center;\"><span style=\"color: #000080;\"><strong>* Los d\u00edas 19 de mes, misa de 12.00 en honor a San Ezequiel Moreno por los enfermos.<\/strong><\/span><\/p>\n<p style=\"text-align: center;\"><span style=\"color: #000080;\"><strong>* Los d\u00edas 27 de mes, misa de 12:00 en honor a Santa M\u00f3nica, por la fe de los hijos y por el aumento de la fe en las familias.<\/strong><\/span><\/p>\n<p>&nbsp;<\/p>\n<h2 style=\"text-align: center;\">CONFESIONES<\/h2>\n<p style=\"text-align: center;\"><strong>Media hora antes de todas las misas.<\/strong><\/p>\n<p>&nbsp;<\/p>\n<p>&nbsp;<\/p>\n<h2 style=\"text-align: center;\">APERTURA DEL TEMPLO<\/h2>\n<p style=\"text-align: center;\"><strong>Lunes a s\u00e1bado: por la ma\u00f1ana, de 8.00 a 12.45; y por la tarde, de 19<\/strong><span style=\"background-color: #ffffff; font-size: 12px; font-weight: bold;\">.00<\/span><strong style=\"font-size: 12px;\"> a 20.45\u00a0<\/strong><\/p>\n<p style=\"text-align: center;\"><strong>Domingos: por la ma\u00f1ana, de 9.30 a 13:15; y por la tarde, de 19.00 a 20.45\u00a0<\/strong><\/p>\n<p>&nbsp;<\/p>\n<p>&nbsp;<\/p>\n<h2 style=\"text-align: center;\">ATENCI\u00d3N PARROQUIAL<\/h2>\n<p style=\"text-align: center;\"><b>De lunes a viernes de 9.30 a 12.00 horas.<\/b><\/p>\n<p style=\"text-align: center;\">\n<p>[\/et_pb_text][\/et_pb_column][\/et_pb_row][\/et_pb_section]<\/p>\n","protected":false},"excerpt":{"rendered":"<p>\u00a0 MISAS Lunes a s\u00e1bado: 9:00, 12.00* y 20.00\u00a0 Domingos y festivos: 10.30, 12.30 y 20.00\u00a0 &nbsp; * Rezo de la Oraci\u00f3n de la madre por la fe de los hijos y \u00c1ngelus, cinco minutos antes de la misa de 12. * Los d\u00edas 19 de mes, misa de 12.00 en honor a San Ezequiel [&hellip;]<\/p>\n","protected":false},"author":1,"featured_media":503,"parent":0,"menu_order":0,"comment_status":"closed","ping_status":"closed","template":"","meta":{"_et_pb_use_builder":"on","_et_pb_old_content":"<h2><img src=\"https:\/\/santamonica.archimadrid.es\/wp-content\/uploads\/2022\/01\/priest-3621038_960_720-300x168.jpg\" alt=\"\" width=\"486\" height=\"273\" class=\" wp-image-503 aligncenter\" \/><\/h2>\r\n<h2 style=\"text-align: center;\">MISAS<\/h2>\r\n<h3 style=\"text-align: center;\">Horario de Invierno<\/h3>\r\n<p style=\"text-align: center;\"><strong>Lunes a viernes: 9.00, 11.00, 12.00 y 20.00<\/strong><\/p>\r\n<p style=\"text-align: center;\"><strong>S\u00e1bados: 11.00, 12.00 y 20.00<\/strong><\/p>\r\n<p style=\"text-align: center;\"><strong>Domingos y festivos: 10.30, 11.30, 12.30, 13.30, 20.00 y 21.00<\/strong><\/p>\r\n\u00a0\r\n<h3 style=\"text-align: center;\">Horario de Verano<\/h3>\r\n<p style=\"text-align: center;\"><strong>Lunes a s\u00e1bado: 9.00, 12.00 y 20.00<\/strong><\/p>\r\n<p style=\"text-align: center;\"><strong>Domingos y festivos: 10.30, 12.30, 20.00 y 21.00<\/strong><\/p>\r\n\u00a0\r\n<p style=\"text-align: center;\"><strong>* Los d\u00edas 19 de mes, misa de 12.00 en honor a San Ezequiel Moreno por los enfermos.<\/strong><\/p>\r\n<p style=\"text-align: center;\"><strong>*Los d\u00edas 27 de mes, misa de 12:00 en honor a Santa M\u00f3nica, por la fe de los hijos y por el aumento de la fe en las familias.<\/strong><\/p>\r\n\u00a0\r\n<h2 style=\"text-align: center;\">CONFESIONES<\/h2>\r\n<p style=\"text-align: center;\"><strong>Media hora antes de todas las misas, en el Sal\u00f3n Parroquial<\/strong><\/p>\r\n\u00a0\r\n\r\n\u00a0\r\n<h2 style=\"text-align: center;\"><strong>APERTURA DEL TEMPLO<\/strong><\/h2>\r\n<p style=\"text-align: center;\"><strong>Lunes a viernes: 8.30 a 1.00 y 18.00 a 20.30<\/strong><\/p>\r\n<p style=\"text-align: center;\"><strong>S\u00e1bados: 10.30 a 1.00 y 18.00 a 20.30<\/strong><\/p>\r\n<p style=\"text-align: center;\"><strong>Domingos: 10.00 a 14:30 y 18.00 a 22.00<\/strong><\/p>\r\n\u00a0\r\n\r\n\u00a0\r\n<h2 style=\"text-align: center;\"><strong>DESPACHO PARROQUIAL<\/strong><\/h2>\r\n<p style=\"text-align: center;\">D\u00edas:\u00a0 \u00a0 \u00a0 Horas:<\/p>\r\n<p style=\"text-align: center;\"><\/p>","_et_gb_content_width":"","cybocfi_hide_featured_image":"","footnotes":""},"class_list":["post-293","page","type-page","status-publish","has-post-thumbnail","hentry"],"yoast_head":"<!-- This site is optimized with the Yoast SEO plugin v27.6 - https:\/\/yoast.com\/product\/yoast-seo-wordpress\/ -->\n<title>Horario - Parroquia de Santa M\u00f3nica Agustinos Recoletos<\/title>\n<meta name=\"robots\" content=\"index, follow, max-snippet:-1, max-image-preview:large, max-video-preview:-1\" \/>\n<link rel=\"canonical\" href=\"https:\/\/santamonica.archimadrid.es\/index.php\/horarios\/\" \/>\n<meta property=\"og:locale\" content=\"es_ES\" \/>\n<meta property=\"og:type\" content=\"article\" \/>\n<meta property=\"og:title\" content=\"Horario - Parroquia de Santa M\u00f3nica Agustinos Recoletos\" \/>\n<meta property=\"og:description\" content=\"\u00a0 MISAS Lunes a s\u00e1bado: 9:00, 12.00* y 20.00\u00a0 Domingos y festivos: 10.30, 12.30 y 20.00\u00a0 &nbsp; * Rezo de la Oraci\u00f3n de la madre por la fe de los hijos y \u00c1ngelus, cinco minutos antes de la misa de 12. * Los d\u00edas 19 de mes, misa de 12.00 en honor a San Ezequiel [&hellip;]\" \/>\n<meta property=\"og:url\" content=\"https:\/\/santamonica.archimadrid.es\/index.php\/horarios\/\" \/>\n<meta property=\"og:site_name\" content=\"Parroquia de Santa M\u00f3nica Agustinos Recoletos\" \/>\n<meta property=\"article:modified_time\" content=\"2024-07-04T22:42:42+00:00\" \/>\n<meta property=\"og:image\" content=\"https:\/\/santamonica.archimadrid.es\/wp-content\/uploads\/2022\/01\/priest-3621038_960_720.jpg\" \/>\n\t<meta property=\"og:image:width\" content=\"960\" \/>\n\t<meta property=\"og:image:height\" content=\"539\" \/>\n\t<meta property=\"og:image:type\" content=\"image\/jpeg\" \/>\n<meta name=\"twitter:card\" content=\"summary_large_image\" \/>\n<meta name=\"twitter:label1\" content=\"Tiempo de lectura\" \/>\n\t<meta name=\"twitter:data1\" content=\"2 minutos\" \/>\n<script type=\"application\/ld+json\" class=\"yoast-schema-graph\">{\"@context\":\"https:\\\/\\\/schema.org\",\"@graph\":[{\"@type\":\"WebPage\",\"@id\":\"https:\\\/\\\/santamonica.archimadrid.es\\\/index.php\\\/horarios\\\/\",\"url\":\"https:\\\/\\\/santamonica.archimadrid.es\\\/index.php\\\/horarios\\\/\",\"name\":\"Horario - Parroquia de Santa M\u00f3nica Agustinos Recoletos\",\"isPartOf\":{\"@id\":\"https:\\\/\\\/santamonica.archimadrid.es\\\/#website\"},\"primaryImageOfPage\":{\"@id\":\"https:\\\/\\\/santamonica.archimadrid.es\\\/index.php\\\/horarios\\\/#primaryimage\"},\"image\":{\"@id\":\"https:\\\/\\\/santamonica.archimadrid.es\\\/index.php\\\/horarios\\\/#primaryimage\"},\"thumbnailUrl\":\"https:\\\/\\\/santamonica.archimadrid.es\\\/wp-content\\\/uploads\\\/2022\\\/01\\\/priest-3621038_960_720.jpg\",\"datePublished\":\"2022-01-02T09:39:24+00:00\",\"dateModified\":\"2024-07-04T22:42:42+00:00\",\"breadcrumb\":{\"@id\":\"https:\\\/\\\/santamonica.archimadrid.es\\\/index.php\\\/horarios\\\/#breadcrumb\"},\"inLanguage\":\"es\",\"potentialAction\":[{\"@type\":\"ReadAction\",\"target\":[\"https:\\\/\\\/santamonica.archimadrid.es\\\/index.php\\\/horarios\\\/\"]}]},{\"@type\":\"ImageObject\",\"inLanguage\":\"es\",\"@id\":\"https:\\\/\\\/santamonica.archimadrid.es\\\/index.php\\\/horarios\\\/#primaryimage\",\"url\":\"https:\\\/\\\/santamonica.archimadrid.es\\\/wp-content\\\/uploads\\\/2022\\\/01\\\/priest-3621038_960_720.jpg\",\"contentUrl\":\"https:\\\/\\\/santamonica.archimadrid.es\\\/wp-content\\\/uploads\\\/2022\\\/01\\\/priest-3621038_960_720.jpg\",\"width\":960,\"height\":539},{\"@type\":\"BreadcrumbList\",\"@id\":\"https:\\\/\\\/santamonica.archimadrid.es\\\/index.php\\\/horarios\\\/#breadcrumb\",\"itemListElement\":[{\"@type\":\"ListItem\",\"position\":1,\"name\":\"Portada\",\"item\":\"https:\\\/\\\/santamonica.archimadrid.es\\\/\"},{\"@type\":\"ListItem\",\"position\":2,\"name\":\"Horario\"}]},{\"@type\":\"WebSite\",\"@id\":\"https:\\\/\\\/santamonica.archimadrid.es\\\/#website\",\"url\":\"https:\\\/\\\/santamonica.archimadrid.es\\\/\",\"name\":\"Parroquia de Santa M\u00f3nica Agustinos Recoletos\",\"description\":\"P\u00e1gina oficial de la Parroquia Santa M\u00f3nica. Actividades parroquiales, noticias de la parroquia y de la iglesia. Servicios Parroquiales. Sacramentos. Devoci\u00f3n a Santa M\u00f3nica, madre de San Agust\u00edn. Promoci\u00f3n Madres Cristianas Santa M\u00f3nica. Oraci\u00f3n por la fe de los hijos y de las familias Devoci\u00f3n a San Ezequiel Moreno. Oraci\u00f3n por los enfermos.\",\"publisher\":{\"@id\":\"https:\\\/\\\/santamonica.archimadrid.es\\\/#organization\"},\"potentialAction\":[{\"@type\":\"SearchAction\",\"target\":{\"@type\":\"EntryPoint\",\"urlTemplate\":\"https:\\\/\\\/santamonica.archimadrid.es\\\/?s={search_term_string}\"},\"query-input\":{\"@type\":\"PropertyValueSpecification\",\"valueRequired\":true,\"valueName\":\"search_term_string\"}}],\"inLanguage\":\"es\"},{\"@type\":\"Organization\",\"@id\":\"https:\\\/\\\/santamonica.archimadrid.es\\\/#organization\",\"name\":\"Parroquia de Santa M\u00f3nica Agustinos Recoletos\",\"url\":\"https:\\\/\\\/santamonica.archimadrid.es\\\/\",\"logo\":{\"@type\":\"ImageObject\",\"inLanguage\":\"es\",\"@id\":\"https:\\\/\\\/santamonica.archimadrid.es\\\/#\\\/schema\\\/logo\\\/image\\\/\",\"url\":\"https:\\\/\\\/santamonica.archimadrid.es\\\/wp-content\\\/uploads\\\/2022\\\/09\\\/icono_parroquia_tamonica-1.jpg\",\"contentUrl\":\"https:\\\/\\\/santamonica.archimadrid.es\\\/wp-content\\\/uploads\\\/2022\\\/09\\\/icono_parroquia_tamonica-1.jpg\",\"width\":1440,\"height\":1776,\"caption\":\"Parroquia de Santa M\u00f3nica Agustinos Recoletos\"},\"image\":{\"@id\":\"https:\\\/\\\/santamonica.archimadrid.es\\\/#\\\/schema\\\/logo\\\/image\\\/\"}}]}<\/script>\n<!-- \/ Yoast SEO plugin. -->","yoast_head_json":{"title":"Horario - Parroquia de Santa M\u00f3nica Agustinos Recoletos","robots":{"index":"index","follow":"follow","max-snippet":"max-snippet:-1","max-image-preview":"max-image-preview:large","max-video-preview":"max-video-preview:-1"},"canonical":"https:\/\/santamonica.archimadrid.es\/index.php\/horarios\/","og_locale":"es_ES","og_type":"article","og_title":"Horario - Parroquia de Santa M\u00f3nica Agustinos Recoletos","og_description":"\u00a0 MISAS Lunes a s\u00e1bado: 9:00, 12.00* y 20.00\u00a0 Domingos y festivos: 10.30, 12.30 y 20.00\u00a0 &nbsp; * Rezo de la Oraci\u00f3n de la madre por la fe de los hijos y \u00c1ngelus, cinco minutos antes de la misa de 12. * Los d\u00edas 19 de mes, misa de 12.00 en honor a San Ezequiel [&hellip;]","og_url":"https:\/\/santamonica.archimadrid.es\/index.php\/horarios\/","og_site_name":"Parroquia de Santa M\u00f3nica Agustinos Recoletos","article_modified_time":"2024-07-04T22:42:42+00:00","og_image":[{"width":960,"height":539,"url":"https:\/\/santamonica.archimadrid.es\/wp-content\/uploads\/2022\/01\/priest-3621038_960_720.jpg","type":"image\/jpeg"}],"twitter_card":"summary_large_image","twitter_misc":{"Tiempo de lectura":"2 minutos"},"schema":{"@context":"https:\/\/schema.org","@graph":[{"@type":"WebPage","@id":"https:\/\/santamonica.archimadrid.es\/index.php\/horarios\/","url":"https:\/\/santamonica.archimadrid.es\/index.php\/horarios\/","name":"Horario - Parroquia de Santa M\u00f3nica Agustinos Recoletos","isPartOf":{"@id":"https:\/\/santamonica.archimadrid.es\/#website"},"primaryImageOfPage":{"@id":"https:\/\/santamonica.archimadrid.es\/index.php\/horarios\/#primaryimage"},"image":{"@id":"https:\/\/santamonica.archimadrid.es\/index.php\/horarios\/#primaryimage"},"thumbnailUrl":"https:\/\/santamonica.archimadrid.es\/wp-content\/uploads\/2022\/01\/priest-3621038_960_720.jpg","datePublished":"2022-01-02T09:39:24+00:00","dateModified":"2024-07-04T22:42:42+00:00","breadcrumb":{"@id":"https:\/\/santamonica.archimadrid.es\/index.php\/horarios\/#breadcrumb"},"inLanguage":"es","potentialAction":[{"@type":"ReadAction","target":["https:\/\/santamonica.archimadrid.es\/index.php\/horarios\/"]}]},{"@type":"ImageObject","inLanguage":"es","@id":"https:\/\/santamonica.archimadrid.es\/index.php\/horarios\/#primaryimage","url":"https:\/\/santamonica.archimadrid.es\/wp-content\/uploads\/2022\/01\/priest-3621038_960_720.jpg","contentUrl":"https:\/\/santamonica.archimadrid.es\/wp-content\/uploads\/2022\/01\/priest-3621038_960_720.jpg","width":960,"height":539},{"@type":"BreadcrumbList","@id":"https:\/\/santamonica.archimadrid.es\/index.php\/horarios\/#breadcrumb","itemListElement":[{"@type":"ListItem","position":1,"name":"Portada","item":"https:\/\/santamonica.archimadrid.es\/"},{"@type":"ListItem","position":2,"name":"Horario"}]},{"@type":"WebSite","@id":"https:\/\/santamonica.archimadrid.es\/#website","url":"https:\/\/santamonica.archimadrid.es\/","name":"Parroquia de Santa M\u00f3nica Agustinos Recoletos","description":"P\u00e1gina oficial de la Parroquia Santa M\u00f3nica. Actividades parroquiales, noticias de la parroquia y de la iglesia. Servicios Parroquiales. Sacramentos. Devoci\u00f3n a Santa M\u00f3nica, madre de San Agust\u00edn. Promoci\u00f3n Madres Cristianas Santa M\u00f3nica. Oraci\u00f3n por la fe de los hijos y de las familias Devoci\u00f3n a San Ezequiel Moreno. Oraci\u00f3n por los enfermos.","publisher":{"@id":"https:\/\/santamonica.archimadrid.es\/#organization"},"potentialAction":[{"@type":"SearchAction","target":{"@type":"EntryPoint","urlTemplate":"https:\/\/santamonica.archimadrid.es\/?s={search_term_string}"},"query-input":{"@type":"PropertyValueSpecification","valueRequired":true,"valueName":"search_term_string"}}],"inLanguage":"es"},{"@type":"Organization","@id":"https:\/\/santamonica.archimadrid.es\/#organization","name":"Parroquia de Santa M\u00f3nica Agustinos Recoletos","url":"https:\/\/santamonica.archimadrid.es\/","logo":{"@type":"ImageObject","inLanguage":"es","@id":"https:\/\/santamonica.archimadrid.es\/#\/schema\/logo\/image\/","url":"https:\/\/santamonica.archimadrid.es\/wp-content\/uploads\/2022\/09\/icono_parroquia_tamonica-1.jpg","contentUrl":"https:\/\/santamonica.archimadrid.es\/wp-content\/uploads\/2022\/09\/icono_parroquia_tamonica-1.jpg","width":1440,"height":1776,"caption":"Parroquia de Santa M\u00f3nica Agustinos Recoletos"},"image":{"@id":"https:\/\/santamonica.archimadrid.es\/#\/schema\/logo\/image\/"}}]}},"jetpack_sharing_enabled":true,"_links":{"self":[{"href":"https:\/\/santamonica.archimadrid.es\/index.php\/wp-json\/wp\/v2\/pages\/293","targetHints":{"allow":["GET"]}}],"collection":[{"href":"https:\/\/santamonica.archimadrid.es\/index.php\/wp-json\/wp\/v2\/pages"}],"about":[{"href":"https:\/\/santamonica.archimadrid.es\/index.php\/wp-json\/wp\/v2\/types\/page"}],"author":[{"embeddable":true,"href":"https:\/\/santamonica.archimadrid.es\/index.php\/wp-json\/wp\/v2\/users\/1"}],"replies":[{"embeddable":true,"href":"https:\/\/santamonica.archimadrid.es\/index.php\/wp-json\/wp\/v2\/comments?post=293"}],"version-history":[{"count":50,"href":"https:\/\/santamonica.archimadrid.es\/index.php\/wp-json\/wp\/v2\/pages\/293\/revisions"}],"predecessor-version":[{"id":3000,"href":"https:\/\/santamonica.archimadrid.es\/index.php\/wp-json\/wp\/v2\/pages\/293\/revisions\/3000"}],"wp:featuredmedia":[{"embeddable":true,"href":"https:\/\/santamonica.archimadrid.es\/index.php\/wp-json\/wp\/v2\/media\/503"}],"wp:attachment":[{"href":"https:\/\/santamonica.archimadrid.es\/index.php\/wp-json\/wp\/v2\/media?parent=293"}],"curies":[{"name":"wp","href":"https:\/\/api.w.org\/{rel}","templated":true}]}}